{"id":1172,"date":"2025-01-29T12:50:37","date_gmt":"2025-01-29T12:50:37","guid":{"rendered":"https:\/\/portal.abepro.org.br\/abepro2025\/?page_id=1172"},"modified":"2025-11-18T19:41:18","modified_gmt":"2025-11-18T19:41:18","slug":"publicacoes","status":"publish","type":"page","link":"https:\/\/portal.abepro.org.br\/abepro2025\/publicacoes\/","title":{"rendered":"Publica\u00e7\u00f5es"},"content":{"rendered":"\t\t<div data-elementor-type=\"wp-page\" data-elementor-id=\"1172\" class=\"elementor elementor-1172\" data-elementor-post-type=\"page\">\n\t\t\t\t<div class=\"elementor-element elementor-element-5038a17 e-flex e-con-boxed e-con e-parent\" data-id=\"5038a17\" data-element_type=\"container\" data-settings=\"{&quot;background_background&quot;:&quot;classic&quot;}\">\n\t\t\t\t\t<div class=\"e-con-inner\">\n\t\t\t\t\t<\/div>\n\t\t\t\t<\/div>\n\t\t<div class=\"elementor-element elementor-element-6f8adf4 e-flex e-con-boxed e-con e-parent\" data-id=\"6f8adf4\" data-element_type=\"container\">\n\t\t\t\t\t<div class=\"e-con-inner\">\n\t\t\t\t<div class=\"elementor-element elementor-element-ab4c1d1 elementor-widget__width-inherit elementor-widget elementor-widget-heading\" data-id=\"ab4c1d1\" data-element_type=\"widget\" data-widget_type=\"heading.default\">\n\t\t\t\t<div class=\"elementor-widget-container\">\n\t\t\t\t\t<h2 class=\"elementor-heading-title elementor-size-default\">Conte\u00fados para voc\u00ea se manter informado<\/h2>\t\t\t\t<\/div>\n\t\t\t\t<\/div>\n\t\t\t\t<div class=\"elementor-element elementor-element-1de05ef elementor-widget elementor-widget-text-editor\" data-id=\"1de05ef\" data-element_type=\"widget\" data-widget_type=\"text-editor.default\">\n\t\t\t\t<div class=\"elementor-widget-container\">\n\t\t\t\t\t\t\t\t\t<p><span style=\"color: #000000;\">Melhores Cases Empresairias da ABEPRO &#8211; ENEGEP 2024<\/span><\/p><p><a href=\"https:\/\/portal.abepro.org.br\/abepro2025\/wp-content\/uploads\/2025\/11\/Melhores-Cases-Empresariais-da-ABEPRO-ENEGEP-2024-Versao-Final.pdf\" target=\"_blank\" rel=\"noopener\"><img fetchpriority=\"high\" decoding=\"async\" class=\"alignnone wp-image-6390 alignleft\" src=\"https:\/\/portal.abepro.org.br\/abepro2025\/wp-content\/uploads\/2025\/11\/WhatsApp-Image-2025-11-18-at-16.37.28-210x300.jpeg\" alt=\"\" width=\"205\" height=\"293\" srcset=\"https:\/\/portal.abepro.org.br\/abepro2025\/wp-content\/uploads\/2025\/11\/WhatsApp-Image-2025-11-18-at-16.37.28-210x300.jpeg 210w, https:\/\/portal.abepro.org.br\/abepro2025\/wp-content\/uploads\/2025\/11\/WhatsApp-Image-2025-11-18-at-16.37.28.jpeg 499w\" sizes=\"(max-width: 205px) 100vw, 205px\" \/><\/a><\/p><p style=\"text-align: left;\">Reunindo os destaques dos cases empresariais apresentados no ENEGEP 2024, esta iniciativa do GT Empresas tem como objetivo divulgar e consolidar a conex\u00e3o estabelecida entre pesquisadores e empresas no contexto da Engenharia de Produ\u00e7\u00e3o.<\/p><div class=\"TypographyPresentation TypographyPresentation--medium RichText3-paragraph--withVSpacingNormal RichText3-paragraph HighlightSol HighlightSol--buildingBlock\" style=\"text-align: left;\">\u00a0<\/div><div class=\"TypographyPresentation TypographyPresentation--medium RichText3-paragraph--withVSpacingNormal RichText3-paragraph HighlightSol HighlightSol--buildingBlock\" style=\"text-align: left;\">N\u00e3o perca esta oportunidade de acompanhar aplica\u00e7\u00f5es pr\u00e1ticas da Engenharia de Produ\u00e7\u00e3o em casos reais.<\/div>\t\t\t\t\t\t\t\t<\/div>\n\t\t\t\t<\/div>\n\t\t\t\t<div class=\"elementor-element elementor-element-e27cee3 elementor-align-right elementor-mobile-align-center elementor-widget__width-initial elementor-widget-mobile__width-inherit elementor-widget elementor-widget-button\" data-id=\"e27cee3\" data-element_type=\"widget\" data-widget_type=\"button.default\">\n\t\t\t\t<div class=\"elementor-widget-container\">\n\t\t\t\t\t\t\t\t\t<div class=\"elementor-button-wrapper\">\n\t\t\t\t\t<a class=\"elementor-button elementor-button-link elementor-size-sm\" href=\"https:\/\/portal.abepro.org.br\/abepro2025\/wp-content\/uploads\/2025\/11\/Melhores-Cases-Empresariais-da-ABEPRO-ENEGEP-2024-Versao-Final.pdf\" target=\"_blank\">\n\t\t\t\t\t\t<span class=\"elementor-button-content-wrapper\">\n\t\t\t\t\t\t\t\t\t<span class=\"elementor-button-text\">CLIQUE AQUI PARA ACESSAR<\/span>\n\t\t\t\t\t<\/span>\n\t\t\t\t\t<\/a>\n\t\t\t\t<\/div>\n\t\t\t\t\t\t\t\t<\/div>\n\t\t\t\t<\/div>\n\t\t\t\t<div class=\"elementor-element elementor-element-59599af elementor-widget elementor-widget-text-editor\" data-id=\"59599af\" data-element_type=\"widget\" data-widget_type=\"text-editor.default\">\n\t\t\t\t<div class=\"elementor-widget-container\">\n\t\t\t\t\t\t\t\t\t<p><span style=\"color: #000000;\">Anais eletr\u00f4nicos ENEGEP<\/span><\/p><p><img decoding=\"async\" class=\"alignleft wp-image-1175\" src=\"https:\/\/portal.abepro.org.br\/abepro2025\/wp-content\/uploads\/2025\/01\/enegep-400-300x300.jpg\" alt=\"\" width=\"250\" height=\"250\" srcset=\"https:\/\/portal.abepro.org.br\/abepro2025\/wp-content\/uploads\/2025\/01\/enegep-400-300x300.jpg 300w, https:\/\/portal.abepro.org.br\/abepro2025\/wp-content\/uploads\/2025\/01\/enegep-400-150x150.jpg 150w, https:\/\/portal.abepro.org.br\/abepro2025\/wp-content\/uploads\/2025\/01\/enegep-400.jpg 400w\" sizes=\"(max-width: 250px) 100vw, 250px\" \/>O Encontro Nacional de Engenharia de Produ\u00e7\u00e3o (ENEGEP) \u00e9 o maior evento nacional da \u00e1rea de Engenharia de Produ\u00e7\u00e3o organizado pela ABEPRO \u2013 Associa\u00e7\u00e3o Brasileira de Engenharia de Produ\u00e7\u00e3o. Nos anais eletr\u00f4nicos est\u00e3o dispon\u00edveis os artigos publicados a partir de 1996. Desde o ano de 2015 os artigos s\u00e3o publicados apenas nos anais eletr\u00f4nicos, pois antes desse per\u00edodo, eram tamb\u00e9m publicados em CD-Rom.<\/p><p>Podem ser publicados no evento artigos em portugu\u00eas, ingl\u00eas e espanhol.<\/p><p>A periodicidade de publica\u00e7\u00e3o dos anais do ENEGEP \u00e9 anual e s\u00e3o publica\u00e7\u00f5es da Associa\u00e7\u00e3o Brasileira de Engenharia de Produ\u00e7\u00e3o (ABEPRO).<\/p><p><strong>ISSN ENEGEP<\/strong>: 2594-9713 \/ <strong>ISSN ICIEOM<\/strong>: 23178000<\/p><p>A partir do ENEGEP 2017 os artigos aprovados e apresentados passaram a receber o DOI.<\/p>\t\t\t\t\t\t\t\t<\/div>\n\t\t\t\t<\/div>\n\t\t\t\t<div class=\"elementor-element elementor-element-762fbf7 elementor-align-right elementor-mobile-align-center elementor-widget__width-initial elementor-widget-mobile__width-inherit elementor-widget elementor-widget-button\" data-id=\"762fbf7\" data-element_type=\"widget\" data-widget_type=\"button.default\">\n\t\t\t\t<div class=\"elementor-widget-container\">\n\t\t\t\t\t\t\t\t\t<div class=\"elementor-button-wrapper\">\n\t\t\t\t\t<a class=\"elementor-button elementor-button-link elementor-size-sm\" href=\"https:\/\/www.abepro.org.br\/publicacoes\/\" target=\"_blank\">\n\t\t\t\t\t\t<span class=\"elementor-button-content-wrapper\">\n\t\t\t\t\t\t\t\t\t<span class=\"elementor-button-text\">CLIQUE AQUI PARA ACESSAR<\/span>\n\t\t\t\t\t<\/span>\n\t\t\t\t\t<\/a>\n\t\t\t\t<\/div>\n\t\t\t\t\t\t\t\t<\/div>\n\t\t\t\t<\/div>\n\t\t\t\t<div class=\"elementor-element elementor-element-f224429 elementor-widget elementor-widget-text-editor\" data-id=\"f224429\" data-element_type=\"widget\" data-widget_type=\"text-editor.default\">\n\t\t\t\t<div class=\"elementor-widget-container\">\n\t\t\t\t\t\t\t\t\t<p><span style=\"color: #000000;\">Brazilian Journal of Operations &amp; Production Management(BJO&amp;PM \u2013 ISSN (Online): 2237-8960)<\/span><\/p><p><img decoding=\"async\" class=\"wp-image-1180 size-medium alignleft\" src=\"https:\/\/portal.abepro.org.br\/abepro2025\/wp-content\/uploads\/2025\/01\/bj-300x300.jpg\" alt=\"\" width=\"300\" height=\"300\" srcset=\"https:\/\/portal.abepro.org.br\/abepro2025\/wp-content\/uploads\/2025\/01\/bj-300x300.jpg 300w, https:\/\/portal.abepro.org.br\/abepro2025\/wp-content\/uploads\/2025\/01\/bj-150x150.jpg 150w, https:\/\/portal.abepro.org.br\/abepro2025\/wp-content\/uploads\/2025\/01\/bj.jpg 400w\" sizes=\"(max-width: 300px) 100vw, 300px\" \/><span style=\"color: #000000;\"><strong>Editor:<\/strong><\/span> Osvaldo Luiz Gon\u00e7alves Quelhas,Universidade Federal Fluminense, Brasil.<\/p><p>O peri\u00f3dico internacional publica artigos de Pesquisa Aplicada, cobrindo todos os aspectos de Opera\u00e7\u00f5es e Gest\u00e3o da Produ\u00e7\u00e3o, tanto para acad\u00eamicos quanto para profissionais. A miss\u00e3o da BJO &amp; PM \u00e9 fornecer um fluxo internacionalmente respeitado de pesquisas originais e relevantes.<\/p><p>A BJO &amp; PM est\u00e1 associada \u00e0 Associa\u00e7\u00e3o Brasileira de Engenharia de Produ\u00e7\u00e3o (ABEPRO) e est\u00e1 indexada no Emerging Sources Citation Index, da Clarivate Analytics.<\/p>\t\t\t\t\t\t\t\t<\/div>\n\t\t\t\t<\/div>\n\t\t\t\t<div class=\"elementor-element elementor-element-dd6a361 elementor-align-right elementor-mobile-align-center elementor-widget__width-initial elementor-widget-mobile__width-inherit elementor-widget elementor-widget-button\" data-id=\"dd6a361\" data-element_type=\"widget\" data-widget_type=\"button.default\">\n\t\t\t\t<div class=\"elementor-widget-container\">\n\t\t\t\t\t\t\t\t\t<div class=\"elementor-button-wrapper\">\n\t\t\t\t\t<a class=\"elementor-button elementor-button-link elementor-size-sm\" href=\"https:\/\/bjopm.emnuvens.com.br\/bjopm\/about\" target=\"_blank\">\n\t\t\t\t\t\t<span class=\"elementor-button-content-wrapper\">\n\t\t\t\t\t\t\t\t\t<span class=\"elementor-button-text\">CLIQUE AQUI PARA ACESSAR<\/span>\n\t\t\t\t\t<\/span>\n\t\t\t\t\t<\/a>\n\t\t\t\t<\/div>\n\t\t\t\t\t\t\t\t<\/div>\n\t\t\t\t<\/div>\n\t\t\t\t<div class=\"elementor-element elementor-element-e3803bd elementor-widget elementor-widget-text-editor\" data-id=\"e3803bd\" data-element_type=\"widget\" data-widget_type=\"text-editor.default\">\n\t\t\t\t<div class=\"elementor-widget-container\">\n\t\t\t\t\t\t\t\t\t<p><span style=\"color: #000000;\">Revista Produc\u00e3o Online(ISSN 1676-1901)<\/span><\/p><p data-wp-editing=\"1\"><img loading=\"lazy\" decoding=\"async\" class=\"size-medium wp-image-1186 alignleft\" src=\"https:\/\/portal.abepro.org.br\/abepro2025\/wp-content\/uploads\/2025\/01\/producao-online-300x300.jpg\" alt=\"\" width=\"300\" height=\"300\" srcset=\"https:\/\/portal.abepro.org.br\/abepro2025\/wp-content\/uploads\/2025\/01\/producao-online-300x300.jpg 300w, https:\/\/portal.abepro.org.br\/abepro2025\/wp-content\/uploads\/2025\/01\/producao-online-150x150.jpg 150w, https:\/\/portal.abepro.org.br\/abepro2025\/wp-content\/uploads\/2025\/01\/producao-online.jpg 400w\" sizes=\"(max-width: 300px) 100vw, 300px\" \/><span style=\"color: #000000;\"><strong>Editor:<\/strong><\/span>Profa. Dra. Liane Mahlmann Kipper<\/p><p>A Revista Produ\u00e7\u00e3o Online, uma revista da ABEPRO, objetiva qualificar e dar ampla visibilidade \u00e0 produ\u00e7\u00e3o cient\u00edfica da \u00e1rea de Engenharia de Produ\u00e7\u00e3o e \u00e1reas correlatas. O plano de trabalho para o tri\u00eanio abrange a\u00e7\u00f5es relevantes para a amplia\u00e7\u00e3o do reconhecimento do peri\u00f3dico na comunidade cient\u00edfica brasileira e internacional e, como consequ\u00eancia, atendimento aos crit\u00e9rios vigentes na Comiss\u00e3o de Engenharia III para manuten\u00e7\u00e3o ou melhoria do conceito do peri\u00f3dico no QUALIS\/CAPES, bem como crit\u00e9rios de indexa\u00e7\u00e3o em base de dados.<\/p><p>Todas as edi\u00e7\u00f5es da Revista Produ\u00e7\u00e3o Online, desde 2001, tiveram seus Identificadores de Objeto Digital (DOI \u2013 Digital Object Identifier) registrados.<\/p>\t\t\t\t\t\t\t\t<\/div>\n\t\t\t\t<\/div>\n\t\t\t\t<div class=\"elementor-element elementor-element-81b9281 elementor-align-right elementor-mobile-align-center elementor-widget__width-initial elementor-widget-mobile__width-inherit elementor-widget elementor-widget-button\" data-id=\"81b9281\" data-element_type=\"widget\" data-widget_type=\"button.default\">\n\t\t\t\t<div class=\"elementor-widget-container\">\n\t\t\t\t\t\t\t\t\t<div class=\"elementor-button-wrapper\">\n\t\t\t\t\t<a class=\"elementor-button elementor-button-link elementor-size-sm\" href=\"https:\/\/www.producaoonline.org.br\/rpo\" target=\"_blank\">\n\t\t\t\t\t\t<span class=\"elementor-button-content-wrapper\">\n\t\t\t\t\t\t\t\t\t<span class=\"elementor-button-text\">CLIQUE AQUI PARA ACESSAR<\/span>\n\t\t\t\t\t<\/span>\n\t\t\t\t\t<\/a>\n\t\t\t\t<\/div>\n\t\t\t\t\t\t\t\t<\/div>\n\t\t\t\t<\/div>\n\t\t\t\t<div class=\"elementor-element elementor-element-a5b8582 elementor-widget elementor-widget-text-editor\" data-id=\"a5b8582\" data-element_type=\"widget\" data-widget_type=\"text-editor.default\">\n\t\t\t\t<div class=\"elementor-widget-container\">\n\t\t\t\t\t\t\t\t\t<p><span style=\"color: #000000;\">The journal Production (ISSN 0103-6513)<\/span><\/p><p data-wp-editing=\"1\"><img loading=\"lazy\" decoding=\"async\" class=\"size-medium wp-image-1197 alignleft\" src=\"https:\/\/portal.abepro.org.br\/abepro2025\/wp-content\/uploads\/2025\/01\/production-300x300.jpg\" alt=\"\" width=\"300\" height=\"300\" srcset=\"https:\/\/portal.abepro.org.br\/abepro2025\/wp-content\/uploads\/2025\/01\/production-300x300.jpg 300w, https:\/\/portal.abepro.org.br\/abepro2025\/wp-content\/uploads\/2025\/01\/production-150x150.jpg 150w, https:\/\/portal.abepro.org.br\/abepro2025\/wp-content\/uploads\/2025\/01\/production.jpg 400w\" sizes=\"(max-width: 300px) 100vw, 300px\" \/><span style=\"color: #000000;\"><strong>Editor:<\/strong><\/span> Profa. Dra. Adriana Leiras<\/p><p>The Journal Production foi criada em 1990 para fornecer um meio de comunica\u00e7\u00e3o para artigos acad\u00eamicos no campo da Engenharia de Produ\u00e7\u00e3o. A revista est\u00e1 entre as principais revistas brasileiras da \u00e1rea.<\/p><p>O peri\u00f3dico \u00e9 Open Access, est\u00e1 licenciado por Creative Commons Attribution License (CC-BY) e \u00e9 digitalmente preservado pelo SciELO.<\/p>\t\t\t\t\t\t\t\t<\/div>\n\t\t\t\t<\/div>\n\t\t\t\t<div class=\"elementor-element elementor-element-383b95d elementor-align-right elementor-mobile-align-center elementor-widget__width-initial elementor-widget-mobile__width-inherit elementor-widget elementor-widget-button\" data-id=\"383b95d\" data-element_type=\"widget\" data-widget_type=\"button.default\">\n\t\t\t\t<div class=\"elementor-widget-container\">\n\t\t\t\t\t\t\t\t\t<div class=\"elementor-button-wrapper\">\n\t\t\t\t\t<a class=\"elementor-button elementor-button-link elementor-size-sm\" href=\"http:\/\/www.prod.org.br\/\" target=\"_blank\">\n\t\t\t\t\t\t<span class=\"elementor-button-content-wrapper\">\n\t\t\t\t\t\t\t\t\t<span class=\"elementor-button-text\">CLIQUE AQUI PARA ACESSAR<\/span>\n\t\t\t\t\t<\/span>\n\t\t\t\t\t<\/a>\n\t\t\t\t<\/div>\n\t\t\t\t\t\t\t\t<\/div>\n\t\t\t\t<\/div>\n\t\t\t\t\t<\/div>\n\t\t\t\t<\/div>\n\t\t\t\t<\/div>\n\t\t","protected":false},"excerpt":{"rendered":"<p>Conte\u00fados para voc\u00ea se manter informado Melhores Cases Empresairias da ABEPRO &#8211; ENEGEP 2024 Reunindo os destaques dos cases empresariais apresentados no ENEGEP 2024, esta iniciativa do GT Empresas tem como objetivo divulgar e consolidar a conex\u00e3o estabelecida entre pesquisadores e empresas no contexto da Engenharia de Produ\u00e7\u00e3o. \u00a0N\u00e3o perca esta oportunidade de acompanhar aplica\u00e7\u00f5es [&hellip;]<\/p>\n","protected":false},"author":1,"featured_media":0,"parent":0,"menu_order":0,"comment_status":"closed","ping_status":"closed","template":"","meta":{"footnotes":""},"class_list":["post-1172","page","type-page","status-publish","hentry"],"_links":{"self":[{"href":"https:\/\/portal.abepro.org.br\/abepro2025\/wp-json\/wp\/v2\/pages\/1172","targetHints":{"allow":["GET"]}}],"collection":[{"href":"https:\/\/portal.abepro.org.br\/abepro2025\/wp-json\/wp\/v2\/pages"}],"about":[{"href":"https:\/\/portal.abepro.org.br\/abepro2025\/wp-json\/wp\/v2\/types\/page"}],"author":[{"embeddable":true,"href":"https:\/\/portal.abepro.org.br\/abepro2025\/wp-json\/wp\/v2\/users\/1"}],"replies":[{"embeddable":true,"href":"https:\/\/portal.abepro.org.br\/abepro2025\/wp-json\/wp\/v2\/comments?post=1172"}],"version-history":[{"count":28,"href":"https:\/\/portal.abepro.org.br\/abepro2025\/wp-json\/wp\/v2\/pages\/1172\/revisions"}],"predecessor-version":[{"id":6403,"href":"https:\/\/portal.abepro.org.br\/abepro2025\/wp-json\/wp\/v2\/pages\/1172\/revisions\/6403"}],"wp:attachment":[{"href":"https:\/\/portal.abepro.org.br\/abepro2025\/wp-json\/wp\/v2\/media?parent=1172"}],"curies":[{"name":"wp","href":"https:\/\/api.w.org\/{rel}","templated":true}]}}