{"id":1212,"date":"2025-01-29T13:55:58","date_gmt":"2025-01-29T13:55:58","guid":{"rendered":"https:\/\/portal.abepro.org.br\/abepro2025\/?page_id=1212"},"modified":"2025-02-03T17:32:23","modified_gmt":"2025-02-03T17:32:23","slug":"relatos-e-experiencia","status":"publish","type":"page","link":"https:\/\/portal.abepro.org.br\/abepro2025\/relatos-e-experiencia\/","title":{"rendered":"Relatos e experi\u00eancia"},"content":{"rendered":"\t\t<div data-elementor-type=\"wp-page\" data-elementor-id=\"1212\" class=\"elementor elementor-1212\" data-elementor-post-type=\"page\">\n\t\t\t\t<div class=\"elementor-element elementor-element-9e18738 e-flex e-con-boxed e-con e-parent\" data-id=\"9e18738\" data-element_type=\"container\" data-settings=\"{&quot;background_background&quot;:&quot;classic&quot;}\">\n\t\t\t\t\t<div class=\"e-con-inner\">\n\t\t\t\t\t<\/div>\n\t\t\t\t<\/div>\n\t\t<div class=\"elementor-element elementor-element-3959bb1 e-flex e-con-boxed e-con e-parent\" data-id=\"3959bb1\" data-element_type=\"container\">\n\t\t\t\t\t<div class=\"e-con-inner\">\n\t\t\t\t<div class=\"elementor-element elementor-element-313396d elementor-widget__width-inherit elementor-widget elementor-widget-heading\" data-id=\"313396d\" data-element_type=\"widget\" data-widget_type=\"heading.default\">\n\t\t\t\t<div class=\"elementor-widget-container\">\n\t\t\t\t\t<h2 class=\"elementor-heading-title elementor-size-default\">Conte\u00fados para voc\u00ea se manter informado<\/h2>\t\t\t\t<\/div>\n\t\t\t\t<\/div>\n\t\t\t\t<div class=\"elementor-element elementor-element-8e2aa61 elementor-widget elementor-widget-text-editor\" data-id=\"8e2aa61\" data-element_type=\"widget\" data-widget_type=\"text-editor.default\">\n\t\t\t\t<div class=\"elementor-widget-container\">\n\t\t\t\t\t\t\t\t\t<p><span style=\"color: #000000;\">Relatos e experi\u00eancias em engenharia de produ\u00e7\u00e3o 2024<\/span><\/p><p><span style=\"color: #000000;\">DOI: <span style=\"color: #3366ff;\"><a style=\"color: #3366ff;\" href=\"https:\/\/drive.google.com\/file\/d\/15K6LgQ8SA_g39Wwn7GndIrHuPAvNfqNs\/view\" target=\"_blank\" rel=\"noopener\">10.14488\/encep.978-6588212073<\/a><\/span><\/span><\/p><p><img fetchpriority=\"high\" decoding=\"async\" class=\"alignleft wp-image-1219\" src=\"https:\/\/portal.abepro.org.br\/abepro2025\/wp-content\/uploads\/2025\/01\/relatos.jpg\" alt=\"\" width=\"350\" height=\"481\" srcset=\"https:\/\/portal.abepro.org.br\/abepro2025\/wp-content\/uploads\/2025\/01\/relatos.jpg 400w, https:\/\/portal.abepro.org.br\/abepro2025\/wp-content\/uploads\/2025\/01\/relatos-218x300.jpg 218w\" sizes=\"(max-width: 350px) 100vw, 350px\" \/>Nesta sexta edi\u00e7\u00e3o do relato de experi\u00eancia a Comiss\u00e3o Avaliadora foi a respons\u00e1vel por avaliar, organizar e operacionalizar a confec\u00e7\u00e3o deste com o apoio da Diretoria da ABEPRO.<\/p><p>Os objetivos s\u00e3o:<\/p><ul><li>Promover e incentivar experi\u00eancias inovadoras na \u00e1rea de Educa\u00e7\u00e3o em Engenharia de Produ\u00e7\u00e3o no Brasil;<\/li><li>Proporcionar um espa\u00e7o para compartilhar experi\u00eancias e construir conhecimentos que contribuam para a divulga\u00e7\u00e3o, replica\u00e7\u00e3o e desenvolvimento destas pr\u00e1ticas.<\/li><\/ul><p>Ap\u00f3s a Curriculariza\u00e7\u00e3o da Extens\u00e3o e chegando ao momento da implementa\u00e7\u00e3o das novas Diretrizes Curriculares Nacionais, torna-se essencial o compartilhamento de experi\u00eancias e solu\u00e7\u00f5es na Educa\u00e7\u00e3o em Engenharia de Produ\u00e7\u00e3o, no \u00e2mbito da gradua\u00e7\u00e3o e da p\u00f3s-gradua\u00e7\u00e3o. Foram apresentados vinte e um relatos de experi\u00eancia, compreendendo as tem\u00e1ticas:<\/p><ul><li>Aplica\u00e7\u00e3o de metodologias ativas e pr\u00e1ticas inovadoras;<\/li><li>Implementa\u00e7\u00e3o e avalia\u00e7\u00e3o de pr\u00e1ticas de curriculariza\u00e7\u00e3o da extens\u00e3o;<\/li><li>Forma\u00e7\u00e3o continuada e acompanhamento dos egressos;<\/li><li>Implementa\u00e7\u00e3o das Novas Diretrizes Curriculares;<\/li><li>Avalia\u00e7\u00e3o na forma\u00e7\u00e3o por compet\u00eancias;<\/li><li>Integra\u00e7\u00e3o gradua\u00e7\u00e3o e p\u00f3s-gradua\u00e7\u00e3o.<\/li><\/ul><p>A Comiss\u00e3o Avaliadora primeiramente agradece todo apoio da Diretoria da ABEPRO e consideramos que os Relatos de Experi\u00eancia se consolidaram como uma excelente pr\u00e1tica do ENCEP. Agradecemos a todos os autores que dedicaram parte de seu tempo para descrever e compartilhar suas experi\u00eancias e aos avaliadores que propiciaram melhorias aos relatos.<\/p><p>Maico Roris Severino<br \/>Coordenadora da Comiss\u00e3o Local Organizadora e Cient\u00edfica da UFG<\/p>\t\t\t\t\t\t\t\t<\/div>\n\t\t\t\t<\/div>\n\t\t\t\t<div class=\"elementor-element elementor-element-18893c9 elementor-align-right elementor-mobile-align-center elementor-widget__width-initial elementor-widget-mobile__width-inherit elementor-widget elementor-widget-button\" data-id=\"18893c9\" data-element_type=\"widget\" data-widget_type=\"button.default\">\n\t\t\t\t<div class=\"elementor-widget-container\">\n\t\t\t\t\t\t\t\t\t<div class=\"elementor-button-wrapper\">\n\t\t\t\t\t<a class=\"elementor-button elementor-button-link elementor-size-sm\" href=\"https:\/\/portal.abepro.org.br\/abepro2024\/encep\/2024\/livro-2024\/\" target=\"_blank\">\n\t\t\t\t\t\t<span class=\"elementor-button-content-wrapper\">\n\t\t\t\t\t\t\t\t\t<span class=\"elementor-button-text\">CLIQUE AQUI PARA ACESSAR<\/span>\n\t\t\t\t\t<\/span>\n\t\t\t\t\t<\/a>\n\t\t\t\t<\/div>\n\t\t\t\t\t\t\t\t<\/div>\n\t\t\t\t<\/div>\n\t\t\t\t<div class=\"elementor-element elementor-element-e208421 elementor-widget elementor-widget-text-editor\" data-id=\"e208421\" data-element_type=\"widget\" data-widget_type=\"text-editor.default\">\n\t\t\t\t<div class=\"elementor-widget-container\">\n\t\t\t\t\t\t\t\t\t<p><span style=\"color: #000000;\">Relatos e experi\u00eancias em engenharia de produ\u00e7\u00e3o 2023<\/span><\/p><p><span style=\"color: #000000;\">DOI: <span style=\"color: #3366ff;\"><a style=\"color: #3366ff;\" href=\"https:\/\/acrobat.adobe.com\/id\/urn:aaid:sc:VA7:4a7eae04-81b8-43ba-84dd-facd39fa439a\" target=\"_blank\" rel=\"noopener\">10.14488\/encep.9786588212059<\/a><\/span><\/span><\/p><p><img decoding=\"async\" class=\"wp-image-1234 alignleft\" src=\"https:\/\/portal.abepro.org.br\/abepro2025\/wp-content\/uploads\/2025\/01\/relatos--218x300.jpg\" alt=\"\" width=\"350\" height=\"481\" srcset=\"https:\/\/portal.abepro.org.br\/abepro2025\/wp-content\/uploads\/2025\/01\/relatos--218x300.jpg 218w, https:\/\/portal.abepro.org.br\/abepro2025\/wp-content\/uploads\/2025\/01\/relatos-.jpg 400w\" sizes=\"(max-width: 350px) 100vw, 350px\" \/>Nesta quinta edi\u00e7\u00e3o do relato de experi\u00eancia a Comiss\u00e3o Avaliadora foi a respons\u00e1vel por avaliar, organizar e operacionalizar a confec\u00e7\u00e3o deste com o apoio da Diretoria da ABEPRO.<\/p><p>Os objetivos s\u00e3o:<\/p><ul><li>Promover e incentivar experi\u00eancias inovadoras na \u00e1rea de Educa\u00e7\u00e3o em Engenharia de Produ\u00e7\u00e3o no Brasil;<\/li><li>Proporcionar um espa\u00e7o para compartilhar experi\u00eancias e construir conhecimentos que contribuam para a divulga\u00e7\u00e3o, replica\u00e7\u00e3o e desenvolvimento destas pr\u00e1ticas.<\/li><\/ul><p><br \/>Ap\u00f3s a Curriculariza\u00e7\u00e3o da Extens\u00e3o e chegando ao momento da implementa\u00e7\u00e3o das novas Diretrizes Curriculares Nacionais, torna-se essencial o compartilhamento de experi\u00eancias e solu\u00e7\u00f5es na Educa\u00e7\u00e3o em Engenharia de Produ\u00e7\u00e3o, no \u00e2mbito da gradua\u00e7\u00e3o e da p\u00f3s-gradua\u00e7\u00e3o. Foram apresentados vinte e um relatos de experi\u00eancia, compreendendo as tem\u00e1ticas:<\/p><ul><li>Aplica\u00e7\u00e3o de metodologias ativas e pr\u00e1ticas inovadoras;<\/li><li>Implementa\u00e7\u00e3o e avalia\u00e7\u00e3o de pr\u00e1ticas de curriculariza\u00e7\u00e3o da extens\u00e3o;<\/li><li>Forma\u00e7\u00e3o continuada e acompanhamento dos egressos;<\/li><li>Implementa\u00e7\u00e3o das Novas Diretrizes Curriculares;<\/li><li>Avalia\u00e7\u00e3o na forma\u00e7\u00e3o por compet\u00eancias;<\/li><li>Integra\u00e7\u00e3o gradua\u00e7\u00e3o e p\u00f3s-gradua\u00e7\u00e3o.<\/li><\/ul><p><br \/><br \/>A Comiss\u00e3o Avaliadora primeiramente agradece todo apoio da Diretoria da ABEPRO e consideramos que os Relatos de Experi\u00eancia se consolidaram como uma excelente pr\u00e1tica do ENCEP. Agradecemos a todos os autores que dedicaram parte de seu tempo para descrever e compartilhar suas experi\u00eancias e aos avaliadores que propiciaram melhorias aos relatos.<\/p><p>Cristiane Agra Pimentel<\/p><p>Coordenadora do GTG e da Comiss\u00e3o Avaliadora dos Relatos de Experi\u00eancia<\/p>\t\t\t\t\t\t\t\t<\/div>\n\t\t\t\t<\/div>\n\t\t\t\t<div class=\"elementor-element elementor-element-16c2ceb elementor-align-right elementor-mobile-align-center elementor-widget__width-initial elementor-widget-mobile__width-inherit elementor-widget elementor-widget-button\" data-id=\"16c2ceb\" data-element_type=\"widget\" data-widget_type=\"button.default\">\n\t\t\t\t<div class=\"elementor-widget-container\">\n\t\t\t\t\t\t\t\t\t<div class=\"elementor-button-wrapper\">\n\t\t\t\t\t<a class=\"elementor-button elementor-button-link elementor-size-sm\" href=\"https:\/\/acrobat.adobe.com\/id\/urn:aaid:sc:VA7:4a7eae04-81b8-43ba-84dd-facd39fa439a#access_token=eyJhbGciOiJSUzI1NiIsIng1dSI6Imltc19uYTEta2V5LWF0LTEuY2VyIiwia2lkIjoiaW1zX25hMS1rZXktYXQtMSIsIml0dCI6ImF0In0.eyJpZCI6IjE2ODUwMTc2MjIxNjNfZWVhMDNmNDUtYzMzMC00ODYwLWE2YzAtNDlhYmMyYTZjZDI1X3VlMSIsInR5cGUiOiJhY2Nlc3NfdG9rZW4iLCJjbGllbnRfaWQiOiJkYy1wcm9kLXZpcmdvd2ViLXlvbG8iLCJ1c2VyX2lkIjoiMkMyMDMxMjU2MTM2NERBOTBBNDk1RTQyQEFkb2JlSUQiLCJzdGF0ZSI6IntcImFjXCI6XCJhZG9iZS5jb21fYWNyb2JhdHdlYl9TaGFyZWRSZXZpZXdGaWxlX25hdmlnYXRpb25fYmFyX3lvbG9fbG9naW5cIixcImNzcmZcIjpcIjczNmM3YmRkLTNkZTktNDhiYy05NjUyLTlmODA0ODhmNDZhMVwifSIsImFzIjoiaW1zLW5hMSIsImFhX2lkIjoiMkMyMDMxMjU2MTM2NERBOTBBNDk1RTQyQEFkb2JlSUQiLCJjdHAiOjAsImZnIjoiWFBDSVczQkNWUFA1TVA0S0VNUVZaSFFBNU09PT09PT0iLCJzaWQiOiIxNjg1MDE3NjIxNjczXzFmOTNiMzZjLTUxNGMtNDZkOS05NDJlLTFkMmFkNjVmNGQxN191ZTEiLCJtb2kiOiI5YmY1MDBmIiwicGJhIjoiTWVkU2VjTm9FVixMb3dTZWMiLCJleHBpcmVzX2luIjoiODY0MDAwMDAiLCJjcmVhdGVkX2F0IjoiMTY4NTAxNzYyMjE2MyIsInNjb3BlIjoiQWRvYmVJRCxvcGVuaWQsRENBUEksYWRkaXRpb25hbF9pbmZvLmFjY291bnRfdHlwZSxhZGRpdGlvbmFsX2luZm8ub3B0aW9uYWxBZ3JlZW1lbnRzLGFncmVlbWVudF9zZW5kLHNpZ25fbGlicmFyeV93cml0ZSxzaWduX3VzZXJfcmVhZCxzaWduX3VzZXJfd3JpdGUsYWdyZWVtZW50X3JlYWQsYWdyZWVtZW50X3dyaXRlLHdpZGdldF9yZWFkLHdpZGdldF93cml0ZSx3b3JrZmxvd19yZWFkLHdvcmtmbG93X3dyaXRlLHNpZ25fbGlicmFyeV9yZWFkLHNpZ25fdXNlcl9sb2dpbixzYW8uQUNPTV9FU0lHTl9UUklBTCJ9.WaJqZeDCARWez6t2RAyjXYbCBmiIcmos7ZM0xLDoISbGZKHMvmhqRXVpcB6L-Iz4QtVQJ1d2ou-UW9LZ2ycM9V8wKvRw8gWOs3755x1wjjhuNxb8Sm29mS2gagT6N43mieVOwjASf5GeLrTY7BM_5HUR9wwvlqu5OXjdZLPuQMEOd62E8S7tOdp8-V9lo2KroAfebqZb1vLi4rn1l_4Zw3DOgzoPdQiQ2PEEt8tb2GUyXEal33jhZTdC4EulMfSHDJgo_jdgeJogqra8MgMoYr199FLd2rOLomTOCoKIr6XJUE0gi2clGf0Ng9hBY_ozc9NVieslpagHxsqnvS9-CQ&#038;token_type=bearer&#038;expires_in=86399\" target=\"_blank\">\n\t\t\t\t\t\t<span class=\"elementor-button-content-wrapper\">\n\t\t\t\t\t\t\t\t\t<span class=\"elementor-button-text\">CLIQUE AQUI PARA ACESSAR<\/span>\n\t\t\t\t\t<\/span>\n\t\t\t\t\t<\/a>\n\t\t\t\t<\/div>\n\t\t\t\t\t\t\t\t<\/div>\n\t\t\t\t<\/div>\n\t\t\t\t<div class=\"elementor-element elementor-element-b7d1dcc elementor-widget elementor-widget-text-editor\" data-id=\"b7d1dcc\" data-element_type=\"widget\" data-widget_type=\"text-editor.default\">\n\t\t\t\t<div class=\"elementor-widget-container\">\n\t\t\t\t\t\t\t\t\t<p><span style=\"color: #000000;\">Relatos e experi\u00eancias em engenharia de produ\u00e7\u00e3o 2022<\/span><\/p><p data-wp-editing=\"1\"><img decoding=\"async\" class=\"alignleft wp-image-1235\" src=\"https:\/\/portal.abepro.org.br\/abepro2025\/wp-content\/uploads\/2025\/01\/relatos-22-218x300.jpg\" alt=\"\" width=\"350\" height=\"481\" srcset=\"https:\/\/portal.abepro.org.br\/abepro2025\/wp-content\/uploads\/2025\/01\/relatos-22-218x300.jpg 218w, https:\/\/portal.abepro.org.br\/abepro2025\/wp-content\/uploads\/2025\/01\/relatos-22.jpg 400w\" sizes=\"(max-width: 350px) 100vw, 350px\" \/>Nesta quarta edi\u00e7\u00e3o do relato de experi\u00eancia a Comiss\u00e3o Avaliadora foi a respons\u00e1vel por avaliar, organizar e operacionalizar a confec\u00e7\u00e3o deste com o apoio da Diretoria da ABEPRO.<\/p><p>Os objetivos s\u00e3o:<\/p><ul><li>Promover e incentivar experi\u00eancias inovadoras na \u00e1rea de Educa\u00e7\u00e3o em Engenharia de Produ\u00e7\u00e3o no Brasil;<\/li><li>Proporcionar um espa\u00e7o para compartilhar experi\u00eancias e construir conhecimentos que contribuam para a divulga\u00e7\u00e3o, replica\u00e7\u00e3o e desenvolvimento destas pr\u00e1ticas.<\/li><\/ul><p><br \/>Ap\u00f3s um grande per\u00edodo de isolamento devido \u00e0 pandemia da Covid-19 e chegando o momento da implementa\u00e7\u00e3o das novas Diretrizes Curriculares Nacionais e Curriculariza\u00e7\u00e3o da Extens\u00e3o, torna-se essencial o compartilhamento de experi\u00eancias e solu\u00e7\u00f5es na Educa\u00e7\u00e3o em Engenharia de Produ\u00e7\u00e3o, no \u00e2mbito da gradua\u00e7\u00e3o e da p\u00f3s-gradua\u00e7\u00e3o. Foram apresentados sete relatos, compreendendo as tem\u00e1ticas:<\/p><ul><li>Voca\u00e7\u00e3o, ingresso e acolhimento;<\/li><li>Aplica\u00e7\u00e3o e avalia\u00e7\u00e3o de metodologias ativas;<\/li><li>Curriculariza\u00e7\u00e3o da extens\u00e3o;<\/li><li>Implanta\u00e7\u00e3o das Novas Diretrizes Curriculares.<\/li><\/ul><p><br \/>A Comiss\u00e3o Avaliadora primeiramente agradece todo apoio da Diretoria da ABEPRO e consideramos que os Relatos de Experi\u00eancia se consolidaram como uma excelente pr\u00e1tica do ENCEP. Agradecemos a todos os autores que dedicaram parte de seu tempo para descrever e compartilhar suas experi\u00eancias e aos avaliadores que propiciaram melhorias aos relatos.<\/p><p>Cristiane Agra Pimentel<\/p><p>Coordenadora da Comiss\u00e3o Avaliadora dos Relatos de Experi\u00eancia<\/p>\t\t\t\t\t\t\t\t<\/div>\n\t\t\t\t<\/div>\n\t\t\t\t<div class=\"elementor-element elementor-element-d42359d elementor-align-right elementor-mobile-align-center elementor-widget__width-initial elementor-widget-mobile__width-inherit elementor-widget elementor-widget-button\" data-id=\"d42359d\" data-element_type=\"widget\" data-widget_type=\"button.default\">\n\t\t\t\t<div class=\"elementor-widget-container\">\n\t\t\t\t\t\t\t\t\t<div class=\"elementor-button-wrapper\">\n\t\t\t\t\t<a class=\"elementor-button elementor-button-link elementor-size-sm\" href=\"https:\/\/portal.abepro.org.br\/abepro2025\/wp-content\/uploads\/2025\/01\/relatos-experiencias-2022.pdf\" target=\"_blank\">\n\t\t\t\t\t\t<span class=\"elementor-button-content-wrapper\">\n\t\t\t\t\t\t\t\t\t<span class=\"elementor-button-text\">CLIQUE AQUI PARA ACESSAR<\/span>\n\t\t\t\t\t<\/span>\n\t\t\t\t\t<\/a>\n\t\t\t\t<\/div>\n\t\t\t\t\t\t\t\t<\/div>\n\t\t\t\t<\/div>\n\t\t\t\t<div class=\"elementor-element elementor-element-55285a5 elementor-widget elementor-widget-text-editor\" data-id=\"55285a5\" data-element_type=\"widget\" data-widget_type=\"text-editor.default\">\n\t\t\t\t<div class=\"elementor-widget-container\">\n\t\t\t\t\t\t\t\t\t<p><span style=\"color: #000000;\">Relatos e experi\u00eancias em engenharia de produ\u00e7\u00e3o 2021<\/span><\/p><p><img loading=\"lazy\" decoding=\"async\" class=\"alignleft wp-image-1246\" src=\"https:\/\/portal.abepro.org.br\/abepro2025\/wp-content\/uploads\/2025\/01\/relatos-21-218x300.jpg\" alt=\"\" width=\"350\" height=\"481\" srcset=\"https:\/\/portal.abepro.org.br\/abepro2025\/wp-content\/uploads\/2025\/01\/relatos-21-218x300.jpg 218w, https:\/\/portal.abepro.org.br\/abepro2025\/wp-content\/uploads\/2025\/01\/relatos-21.jpg 400w\" sizes=\"(max-width: 350px) 100vw, 350px\" \/>Nesta terceira edi\u00e7\u00e3o do relato de experi\u00eancia a Comiss\u00e3o Local Organizadora e Cient\u00edfica da Universidade Federal do Rec\u00f4ncavo da Bahia (UFRB) foi a respons\u00e1vel por operacionalizar a confec\u00e7\u00e3o deste com o apoio da Diretoria da ABEPRO.<\/p><p>Ap\u00f3s um ano de grandes transforma\u00e7\u00f5es devido \u00e0 pandemia da Covid-19, na rotina e nas pr\u00e1ticas do ensino, compartilhar experi\u00eancias de solu\u00e7\u00f5es em meio a problemas cr\u00edticos da Educa\u00e7\u00e3o em Engenharia de Produ\u00e7\u00e3o, no \u00e2mbito da gradua\u00e7\u00e3o e da p\u00f3s-gradua\u00e7\u00e3o, contribuem para o ENCEP, al\u00e9m de disponibilizar a possibilidade de permitir o compartilhamento e a formaliza\u00e7\u00e3o destes conhecimentos.<\/p>\t\t\t\t\t\t\t\t<\/div>\n\t\t\t\t<\/div>\n\t\t\t\t<div class=\"elementor-element elementor-element-52140bf elementor-align-right elementor-mobile-align-center elementor-widget__width-initial elementor-widget-mobile__width-inherit elementor-widget elementor-widget-button\" data-id=\"52140bf\" data-element_type=\"widget\" data-widget_type=\"button.default\">\n\t\t\t\t<div class=\"elementor-widget-container\">\n\t\t\t\t\t\t\t\t\t<div class=\"elementor-button-wrapper\">\n\t\t\t\t\t<a class=\"elementor-button elementor-button-link elementor-size-sm\" href=\"https:\/\/portal.abepro.org.br\/abepro2025\/wp-content\/uploads\/2025\/01\/relatos-experiencias-2021.pdf\" target=\"_blank\">\n\t\t\t\t\t\t<span class=\"elementor-button-content-wrapper\">\n\t\t\t\t\t\t\t\t\t<span class=\"elementor-button-text\">CLIQUE AQUI PARA ACESSAR<\/span>\n\t\t\t\t\t<\/span>\n\t\t\t\t\t<\/a>\n\t\t\t\t<\/div>\n\t\t\t\t\t\t\t\t<\/div>\n\t\t\t\t<\/div>\n\t\t\t\t<div class=\"elementor-element elementor-element-2fe0b7e elementor-widget elementor-widget-text-editor\" data-id=\"2fe0b7e\" data-element_type=\"widget\" data-widget_type=\"text-editor.default\">\n\t\t\t\t<div class=\"elementor-widget-container\">\n\t\t\t\t\t\t\t\t\t<p><span style=\"color: #000000;\">Relatos e experi\u00eancias em engenharia de produ\u00e7\u00e3o 2020<\/span><\/p><p><span style=\"color: #000000;\">DOI: <span style=\"color: #3366ff;\"><a style=\"color: #3366ff;\" href=\"https:\/\/acrobat.adobe.com\/link\/review?uri=urn%3Aaaid%3Ascds%3AUS%3A5d679949-0703-479d-9ad3-a974e8776302\" target=\"_blank\" rel=\"noopener\">10.14488\/encep.9786588212004<\/a><\/span><\/span><\/p><p><img loading=\"lazy\" decoding=\"async\" class=\"alignleft wp-image-1255\" src=\"https:\/\/portal.abepro.org.br\/abepro2025\/wp-content\/uploads\/2025\/01\/relatos-20-218x300.jpg\" alt=\"\" width=\"350\" height=\"481\" srcset=\"https:\/\/portal.abepro.org.br\/abepro2025\/wp-content\/uploads\/2025\/01\/relatos-20-218x300.jpg 218w, https:\/\/portal.abepro.org.br\/abepro2025\/wp-content\/uploads\/2025\/01\/relatos-20.jpg 400w\" sizes=\"(max-width: 350px) 100vw, 350px\" \/>O XXV ENCEP entra para a hist\u00f3ria da ABEPRO por ser nosso primeiro evento virtual, sem d\u00favida um marco para a comunidade de Engenharia de Produ\u00e7\u00e3o.<\/p><p>Atualmente as novas Diretrizes dos Cursos de Engenharia imp\u00f5em novos desafios: \u201co desenvolvimento de compet\u00eancias\u201d. A troca de experi\u00eancias \u00e9 essencial, pois conhecer outras pr\u00e1ticas vai al\u00e9m de aprender, existem oportunidades de adapta\u00e7\u00e3o e expans\u00e3o para outras disciplinas e cursos de engenharia de produ\u00e7\u00e3o.<\/p><p>Estas pr\u00e1ticas s\u00e3o efetivos esfor\u00e7os consolidados de educa\u00e7\u00e3o em engenharia de produ\u00e7\u00e3o, sendo sua socializa\u00e7\u00e3o oportunizada neste espa\u00e7o do ENCEP, onde a autoridade \u00e9 o docente. Al\u00e9m de valorizar os autores a comunidade passa a conhecer, aperfei\u00e7oar e replicar estas pr\u00e1ticas.<\/p><p>A segunda edi\u00e7\u00e3o deste livro de \u201cRelatos de Experi\u00eancias em Engenharia de Produ\u00e7\u00e3o 2020\u201d se consolida como um legado desta diretoria para a comunidade de Engenharia de Produ\u00e7\u00e3o.<\/p>\t\t\t\t\t\t\t\t<\/div>\n\t\t\t\t<\/div>\n\t\t\t\t<div class=\"elementor-element elementor-element-0c1f79a elementor-align-right elementor-mobile-align-center elementor-widget__width-initial elementor-widget-mobile__width-inherit elementor-widget elementor-widget-button\" data-id=\"0c1f79a\" data-element_type=\"widget\" data-widget_type=\"button.default\">\n\t\t\t\t<div class=\"elementor-widget-container\">\n\t\t\t\t\t\t\t\t\t<div class=\"elementor-button-wrapper\">\n\t\t\t\t\t<a class=\"elementor-button elementor-button-link elementor-size-sm\" href=\"https:\/\/acrobat.adobe.com\/link\/review?uri=urn:aaid:scds:US:5d679949-0703-479d-9ad3-a974e8776302\" target=\"_blank\">\n\t\t\t\t\t\t<span class=\"elementor-button-content-wrapper\">\n\t\t\t\t\t\t\t\t\t<span class=\"elementor-button-text\">CLIQUE AQUI PARA ACESSAR<\/span>\n\t\t\t\t\t<\/span>\n\t\t\t\t\t<\/a>\n\t\t\t\t<\/div>\n\t\t\t\t\t\t\t\t<\/div>\n\t\t\t\t<\/div>\n\t\t\t\t<div class=\"elementor-element elementor-element-4eeebf4 elementor-widget elementor-widget-text-editor\" data-id=\"4eeebf4\" data-element_type=\"widget\" data-widget_type=\"text-editor.default\">\n\t\t\t\t<div class=\"elementor-widget-container\">\n\t\t\t\t\t\t\t\t\t<p><span style=\"color: #000000;\">Relatos e experi\u00eancias em engenharia de produ\u00e7\u00e3o 2019<\/span><\/p><p><span style=\"color: #000000;\">DOI: <span style=\"color: #3366ff;\"><a style=\"color: #3366ff;\" href=\"https:\/\/drive.google.com\/file\/d\/1AI7bdX_rEaOfrFhzXmwpvE0oZ7KEDil1\/view?usp=sharing\/\" target=\"_blank\" rel=\"noopener\">10.14488\/encep.9788588478503<\/a><\/span><\/span><\/p><p><img loading=\"lazy\" decoding=\"async\" class=\"alignleft wp-image-1263\" src=\"https:\/\/portal.abepro.org.br\/abepro2025\/wp-content\/uploads\/2025\/01\/relatos-19-218x300.jpg\" alt=\"\" width=\"350\" height=\"481\" srcset=\"https:\/\/portal.abepro.org.br\/abepro2025\/wp-content\/uploads\/2025\/01\/relatos-19-218x300.jpg 218w, https:\/\/portal.abepro.org.br\/abepro2025\/wp-content\/uploads\/2025\/01\/relatos-19.jpg 400w\" sizes=\"(max-width: 350px) 100vw, 350px\" \/>Organizadores:<br \/>Carlos Eduardo Sanches da Silva<br \/>Francisco Gaud\u00eancio Mendon\u00e7a Freires<\/p><p>\u201cA concep\u00e7\u00e3o desta a\u00e7\u00e3o \u00e9 oferecer um momento no ENCEP para que a comunidade de Engenharia de Produ\u00e7\u00e3o, compartilhe suas experi\u00eancias de solu\u00e7\u00f5es originais para problemas cr\u00edticos da Educa\u00e7\u00e3o em Engenharia de Produ\u00e7\u00e3o, no \u00e2mbito da gradua\u00e7\u00e3o e da p\u00f3s-gradua\u00e7\u00e3o. Foram encaminhados quinze relatos, sendo os mesmos analisados pelos revisores que aprovaram doze relatos, solicitaram melhorias, sendo estas acatadas por todos os autores.\u201d<\/p>\t\t\t\t\t\t\t\t<\/div>\n\t\t\t\t<\/div>\n\t\t\t\t<div class=\"elementor-element elementor-element-fda73e1 elementor-align-right elementor-mobile-align-center elementor-widget__width-initial elementor-widget-mobile__width-inherit elementor-widget elementor-widget-button\" data-id=\"fda73e1\" data-element_type=\"widget\" data-widget_type=\"button.default\">\n\t\t\t\t<div class=\"elementor-widget-container\">\n\t\t\t\t\t\t\t\t\t<div class=\"elementor-button-wrapper\">\n\t\t\t\t\t<a class=\"elementor-button elementor-button-link elementor-size-sm\" href=\"https:\/\/documentcloud.adobe.com\/link\/track?uri=urn%3Aaaid%3Ascds%3AUS%3A8d631167-88a5-48a3-ae3f-96e61d990168\" target=\"_blank\">\n\t\t\t\t\t\t<span class=\"elementor-button-content-wrapper\">\n\t\t\t\t\t\t\t\t\t<span class=\"elementor-button-text\">CLIQUE AQUI PARA ACESSAR<\/span>\n\t\t\t\t\t<\/span>\n\t\t\t\t\t<\/a>\n\t\t\t\t<\/div>\n\t\t\t\t\t\t\t\t<\/div>\n\t\t\t\t<\/div>\n\t\t\t\t\t<\/div>\n\t\t\t\t<\/div>\n\t\t\t\t<\/div>\n\t\t","protected":false},"excerpt":{"rendered":"<p>Conte\u00fados para voc\u00ea se manter informado Relatos e experi\u00eancias em engenharia de produ\u00e7\u00e3o 2024 DOI: 10.14488\/encep.978-6588212073 Nesta sexta edi\u00e7\u00e3o do relato de experi\u00eancia a Comiss\u00e3o Avaliadora foi a respons\u00e1vel por avaliar, organizar e operacionalizar a confec\u00e7\u00e3o deste com o apoio da Diretoria da ABEPRO. Os objetivos s\u00e3o: Promover e incentivar experi\u00eancias inovadoras na \u00e1rea de [&hellip;]<\/p>\n","protected":false},"author":1,"featured_media":0,"parent":0,"menu_order":0,"comment_status":"closed","ping_status":"closed","template":"","meta":{"footnotes":""},"class_list":["post-1212","page","type-page","status-publish","hentry"],"_links":{"self":[{"href":"https:\/\/portal.abepro.org.br\/abepro2025\/wp-json\/wp\/v2\/pages\/1212","targetHints":{"allow":["GET"]}}],"collection":[{"href":"https:\/\/portal.abepro.org.br\/abepro2025\/wp-json\/wp\/v2\/pages"}],"about":[{"href":"https:\/\/portal.abepro.org.br\/abepro2025\/wp-json\/wp\/v2\/types\/page"}],"author":[{"embeddable":true,"href":"https:\/\/portal.abepro.org.br\/abepro2025\/wp-json\/wp\/v2\/users\/1"}],"replies":[{"embeddable":true,"href":"https:\/\/portal.abepro.org.br\/abepro2025\/wp-json\/wp\/v2\/comments?post=1212"}],"version-history":[{"count":46,"href":"https:\/\/portal.abepro.org.br\/abepro2025\/wp-json\/wp\/v2\/pages\/1212\/revisions"}],"predecessor-version":[{"id":1533,"href":"https:\/\/portal.abepro.org.br\/abepro2025\/wp-json\/wp\/v2\/pages\/1212\/revisions\/1533"}],"wp:attachment":[{"href":"https:\/\/portal.abepro.org.br\/abepro2025\/wp-json\/wp\/v2\/media?parent=1212"}],"curies":[{"name":"wp","href":"https:\/\/api.w.org\/{rel}","templated":true}]}}