{"id":449,"date":"2019-01-27T18:55:02","date_gmt":"2019-01-27T20:55:02","guid":{"rendered":"https:\/\/portal.abepro.org.br\/enegep\/2026\/?page_id=449"},"modified":"2026-03-18T14:37:10","modified_gmt":"2026-03-18T17:37:10","slug":"minicursos","status":"publish","type":"page","link":"https:\/\/portal.abepro.org.br\/enegep\/2026\/minicursos\/","title":{"rendered":"Minicursos"},"content":{"rendered":"\t\t<div data-elementor-type=\"wp-post\" data-elementor-id=\"449\" class=\"elementor elementor-449\" data-elementor-post-type=\"page\">\n\t\t\t\t\t\t<section class=\"elementor-section elementor-top-section elementor-element elementor-element-3106e550 elementor-section-boxed elementor-section-height-default elementor-section-height-default\" data-id=\"3106e550\" data-element_type=\"section\">\n\t\t\t\t\t\t<div class=\"elementor-container elementor-column-gap-default\">\n\t\t\t\t\t<div class=\"elementor-column elementor-col-66 elementor-top-column elementor-element elementor-element-1237fa1f\" data-id=\"1237fa1f\" data-element_type=\"column\">\n\t\t\t<div class=\"elementor-widget-wrap elementor-element-populated\">\n\t\t\t\t\t\t<div class=\"elementor-element elementor-element-693fc8b5 elementor-widget elementor-widget-heading\" data-id=\"693fc8b5\" data-element_type=\"widget\" data-widget_type=\"heading.default\">\n\t\t\t\t<div class=\"elementor-widget-container\">\n\t\t\t\t\t<h1 class=\"elementor-heading-title elementor-size-default\">Edital de Chamada para Propostas de Minicurso para o ENEGEP 2026<\/h1>\t\t\t\t<\/div>\n\t\t\t\t<\/div>\n\t\t\t\t<div class=\"elementor-element elementor-element-938c208 elementor-widget-divider--view-line elementor-widget elementor-widget-divider\" data-id=\"938c208\" data-element_type=\"widget\" data-widget_type=\"divider.default\">\n\t\t\t\t<div class=\"elementor-widget-container\">\n\t\t\t\t\t\t\t<div class=\"elementor-divider\">\n\t\t\t<span class=\"elementor-divider-separator\">\n\t\t\t\t\t\t<\/span>\n\t\t<\/div>\n\t\t\t\t\t\t<\/div>\n\t\t\t\t<\/div>\n\t\t\t\t<div class=\"elementor-element elementor-element-5464c51 elementor-widget elementor-widget-text-editor\" data-id=\"5464c51\" data-element_type=\"widget\" data-widget_type=\"text-editor.default\">\n\t\t\t\t<div class=\"elementor-widget-container\">\n\t\t\t\t\t\t\t\t\t<p><span style=\"font-weight: 400;\">A ABEPRO Jovem, por meio de sua Diretoria &#8211; Gest\u00e3o 2026, torna p\u00fablica a chamada para submiss\u00e3o de propostas de Minicursos para a edi\u00e7\u00e3o de 2026 do ENEGEP.<\/span><\/p><h6><b>1. OBJETIVO<\/b><\/h6><p><span style=\"font-weight: 400;\">Os minicursos propostos no \u00e2mbito desta chamada t\u00eam como objetivo promover a dissemina\u00e7\u00e3o de conhecimentos atuais e relevantes para \u00e1rea da Engenharia de Produ\u00e7\u00e3o, contemplando suas dimens\u00f5es tecnol\u00f3gica, social, ambiental, econ\u00f4mica e sustent\u00e1vel. Buscando estimular o desenvolvimento de compet\u00eancias t\u00e9cnicas e gerenciais alinhadas \u00e0s demandas profissionais, contribuindo para a forma\u00e7\u00e3o cr\u00edtica, inovadora e estrat\u00e9gica dos participantes.<\/span><\/p><p><span style=\"font-weight: 400;\">As propostas dever\u00e3o abordar temas com alto potencial de impacto futuro, considerando tend\u00eancias emergentes, desafios complexos da ind\u00fastria, do setor de servi\u00e7os e da sociedade, bem como interfaces interdisciplinares que ampliem a atua\u00e7\u00e3o do Engenheiro de Produ\u00e7\u00e3o. Espera-se que os minicursos promovam ganhos em performance organizacional, desenvolvimento profissional, inova\u00e7\u00e3o, sustentabilidade e tomada de decis\u00e3o, fortalecendo a integra\u00e7\u00e3o entre teoria e pr\u00e1tica.<\/span><\/p><h6><b>2. COMPOSI\u00c7\u00c3O E RESPONSABILIDADES<\/b><\/h6><h6><span style=\"font-weight: 400;\">2.1 Dos Proponentes e Ministrantes<\/span><\/h6><p><span style=\"font-weight: 400;\">O proponente \u00e9 a pessoa respons\u00e1vel pela submiss\u00e3o da proposta de minicurso, n\u00e3o sendo obrigatoriamente o ministrante da atividade. No entanto, o ministrante indicado dever\u00e1 estar previamente ciente e de acordo com a submiss\u00e3o da proposta e com as condi\u00e7\u00f5es estabelecidas neste edital.<\/span><\/p><p><span style=\"font-weight: 400;\">Poder\u00e3o atuar como proponentes docentes, discentes ou profissionais, vinculados ou n\u00e3o a institui\u00e7\u00f5es de ensino superior, desde que atendam aos requisitos estabelecidos neste edital.<\/span><\/p><h6><span style=\"font-weight: 400;\">2.2 Atribui\u00e7\u00f5es dos Proponentes<\/span><\/h6><p><span style=\"font-weight: 400;\">Compete ao proponente:<\/span><\/p><ul><li style=\"font-weight: 400;\" aria-level=\"1\"><span style=\"font-weight: 400;\">Realizar a interlocu\u00e7\u00e3o direta entre a ABEPRO Jovem e o ministrante indicado, assegurando o alinhamento das informa\u00e7\u00f5es, prazos e responsabilidades;<\/span><\/li><li style=\"font-weight: 400;\" aria-level=\"1\"><span style=\"font-weight: 400;\">Garantir a veracidade e completude das informa\u00e7\u00f5es fornecidas na proposta;<\/span><\/li><li style=\"font-weight: 400;\" aria-level=\"1\"><span style=\"font-weight: 400;\">Apoiar, quando solicitado, ajustes no escopo, formato ou conte\u00fado do minicurso, conforme delibera\u00e7\u00e3o da Diretoria da ABEPRO Jovem;<\/span><\/li><li style=\"font-weight: 400;\" aria-level=\"1\"><span style=\"font-weight: 400;\">Colaborar com a divulga\u00e7\u00e3o do minicurso, caso a proposta seja selecionada, promovendo ativamente a atividade por meio do compartilhamento dos materiais institucionais desenvolvidos pela equipe de Comunica\u00e7\u00e3o da ABEPRO Jovem.<\/span><span style=\"font-weight: 400;\"><br \/><\/span><\/li><\/ul><h6><span style=\"font-weight: 400;\">2.3 Atribui\u00e7\u00f5es dos Ministrantes<\/span><\/h6><p><span style=\"font-weight: 400;\">Compete ao ministrante:<\/span><\/p><ul><li style=\"font-weight: 400;\" aria-level=\"1\"><span style=\"font-weight: 400;\">Elaborar e ministrar o minicurso conforme a proposta aprovada;<\/span><\/li><li style=\"font-weight: 400;\" aria-level=\"1\"><span style=\"font-weight: 400;\">Zelar pela qualidade t\u00e9cnica, did\u00e1tica e \u00e9tica do conte\u00fado apresentado;<\/span><\/li><li style=\"font-weight: 400;\" aria-level=\"1\"><span style=\"font-weight: 400;\">Cumprir os prazos, hor\u00e1rios e orienta\u00e7\u00f5es estabelecidas pela organiza\u00e7\u00e3o do evento;<\/span><\/li><li style=\"font-weight: 400;\" aria-level=\"1\"><span style=\"font-weight: 400;\">Disponibilizar, quando aplic\u00e1vel, materiais de apoio aos participantes.<\/span><\/li><\/ul><h6><b>3. REQUISITOS PARA A PROPOSTA DE TEMA<\/b><\/h6><p><span style=\"font-weight: 400;\">As propostas DE MINICURSO devem ser submetidas pelo proponente contendo:<\/span><\/p><ol><li style=\"font-weight: 400;\" aria-level=\"1\"><span style=\"font-weight: 400;\">Nome do(a) proponente, n\u00famero de contato, institui\u00e7\u00e3o\/empresa;<\/span><\/li><li style=\"font-weight: 400;\" aria-level=\"1\"><span style=\"font-weight: 400;\">T\u00edtulo do minicurso;<\/span><\/li><li style=\"font-weight: 400;\" aria-level=\"1\"><span style=\"font-weight: 400;\">Nome do(a) ministrante;<\/span><\/li><li style=\"font-weight: 400;\" aria-level=\"1\"><span style=\"font-weight: 400;\">E-mail do(a) ministrante;<\/span><\/li><li style=\"font-weight: 400;\" aria-level=\"1\"><span style=\"font-weight: 400;\">N\u00famero de contato do(a) ministrante;<\/span><\/li><li style=\"font-weight: 400;\" aria-level=\"1\"><span style=\"font-weight: 400;\">Institui\u00e7\u00e3o\/Empresa do(a) ministrante;<\/span><\/li><li style=\"font-weight: 400;\" aria-level=\"1\"><span style=\"font-weight: 400;\">Curr\u00edculo lattes do(a) ministrante;<\/span><\/li><li style=\"font-weight: 400;\" aria-level=\"1\"><span style=\"font-weight: 400;\">Objetivo do minicurso: apresentando a tem\u00e1tica abordada, capacidades a serem desenvolvidas na realiza\u00e7\u00e3o do minicurso.;<\/span><\/li><li style=\"font-weight: 400;\" aria-level=\"1\"><span style=\"font-weight: 400;\">Necessidades para realiza\u00e7\u00e3o do minicurso: infraestrutura (laborat\u00f3rios ou sala);<\/span><\/li><li style=\"font-weight: 400;\" aria-level=\"1\"><span style=\"font-weight: 400;\">N\u00famero de vagas para o minicurso<\/span> <i><span style=\"font-weight: 400;\">(sugere-se definir uma quantidade que preserve a din\u00e2mica, a intera\u00e7\u00e3o e a qualidade do minicurso, sem comprometer seu andamento e aproveitamento pelos participantes)<\/span><\/i><span style=\"font-weight: 400;\">.<\/span><\/li><\/ol><p>\u00a0<\/p><h5 style=\"text-align: center;\"><span style=\"font-weight: 400;\">As propostas devem ser submetidas atrav\u00e9s do preenchimento do formul\u00e1rio disponibilizado neste edital, <\/span><a href=\"https:\/\/forms.gle\/ph9qxT4VnHWiULGK6\" target=\"_blank\" rel=\"noopener\"><b>clique aqui<\/b><\/a><span style=\"font-weight: 400;\">.\u00a0<\/span><\/h5><p>\u00a0<\/p><h6><b>4. CRIT\u00c9RIOS DE SELE\u00c7\u00c3O E DELIBERA\u00c7\u00c3O<\/b><\/h6><p><span style=\"font-weight: 400;\">A an\u00e1lise das propostas ser\u00e1 realizada exclusivamente pela Diretoria da ABEPRO Jovem. Os crit\u00e9rios primordiais s\u00e3o:<\/span><\/p><ul><li style=\"font-weight: 400;\" aria-level=\"1\"><b>Inova\u00e7\u00e3o: <\/b><span style=\"font-weight: 400;\">Prefer\u00eancia por temas de desenvolvimento recente ou interfaces interdisciplinares in\u00e9ditas;<\/span><\/li><li style=\"font-weight: 400;\" aria-level=\"1\"><b>Solidez Metodol\u00f3gica: <\/b><span style=\"font-weight: 400;\">Clareza na defini\u00e7\u00e3o;<\/span><\/li><li style=\"font-weight: 400;\" aria-level=\"1\"><b>Viabilidade Acad\u00eamica: <\/b><span style=\"font-weight: 400;\">como o tema pode desenvolver habilidades e compet\u00eancias que atendam \u00e0s necessidades acad\u00eamicas e profissionais para engenheiros de produ\u00e7\u00e3o.<\/span><\/li><li style=\"font-weight: 400;\" aria-level=\"1\"><b>Disponibilidade de vagas na programa\u00e7\u00e3o:<\/b><span style=\"font-weight: 400;\"> a sele\u00e7\u00e3o tamb\u00e9m considerar\u00e1 o n\u00famero limitado de minicursos a serem ofertados na edi\u00e7\u00e3o do evento.<\/span><\/li><\/ul><p><i><span style=\"font-weight: 400;\">Nota: A Diretoria reserva-se o direito de sugerir a fus\u00e3o de propostas semelhantes ou o ajuste de escopo.<\/span><\/i><\/p><h6><b>5. CRONOGRAMA\u00a0<\/b><\/h6><ul><li style=\"font-weight: 400;\" aria-level=\"1\"><span style=\"font-weight: 400;\">Submiss\u00e3o de Propostas: At\u00e9 22 de abril de 2026;<\/span><\/li><li style=\"font-weight: 400;\" aria-level=\"1\"><span style=\"font-weight: 400;\">Divulga\u00e7\u00e3o dos Minicursos Aprovados pela Diretoria: 22 de maio de 2026;<\/span><\/li><\/ul><p><span style=\"font-weight: 400;\">A divulga\u00e7\u00e3o ser\u00e1 realizada via email para o proponente com c\u00f3pia para o ministrante.\u00a0<\/span><\/p><p><span style=\"font-weight: 400;\">D\u00favidas entrar em contato com o e-mail <\/span><a href=\"mailto:presidencia.abj@abepro.org.br\"><span style=\"font-weight: 400;\">presidencia.abj@abepro.org.br<\/span><\/a><span style=\"font-weight: 400;\"> com c\u00f3pia para <\/span><a href=\"mailto:secretaria@abepro.org.br\"><span style=\"font-weight: 400;\">secretaria@abepro.org.br<\/span><\/a><span style=\"font-weight: 400;\">\u00a0\u00a0\u00a0<\/span><\/p><p>Edital completo: <a href=\"https:\/\/portal.abepro.org.br\/enegep\/2026\/wp-content\/uploads\/2026\/03\/Edital-de-Chamada-para-Propostas-de-Minicurso.pdf\" target=\"_blank\" rel=\"noopener\">clique aqui<\/a><\/p><p><span style=\"font-weight: 400;\">Diretoria\u00a0 ABEPRO Jovem<\/span><span style=\"font-weight: 400;\"><br \/><\/span><b>Gest\u00e3o 2026\u00a0<\/b><\/p>\t\t\t\t\t\t\t\t<\/div>\n\t\t\t\t<\/div>\n\t\t\t\t\t<\/div>\n\t\t<\/div>\n\t\t\t\t<div class=\"elementor-column elementor-col-33 elementor-top-column elementor-element elementor-element-ae47dca\" data-id=\"ae47dca\" data-element_type=\"column\">\n\t\t\t<div class=\"elementor-widget-wrap elementor-element-populated\">\n\t\t\t\t\t\t<div class=\"elementor-element elementor-element-fae0894 elementor-widget elementor-widget-heading\" data-id=\"fae0894\" data-element_type=\"widget\" data-widget_type=\"heading.default\">\n\t\t\t\t<div class=\"elementor-widget-container\">\n\t\t\t\t\t<h1 class=\"elementor-heading-title elementor-size-default\">Datas Importantes<\/h1>\t\t\t\t<\/div>\n\t\t\t\t<\/div>\n\t\t\t\t<div class=\"elementor-element elementor-element-6e628b9 elementor-widget elementor-widget-heading\" data-id=\"6e628b9\" data-element_type=\"widget\" data-widget_type=\"heading.default\">\n\t\t\t\t<div class=\"elementor-widget-container\">\n\t\t\t\t\t<h3 class=\"elementor-heading-title elementor-size-default\"><b>22 de abril<\/b><\/h3>\t\t\t\t<\/div>\n\t\t\t\t<\/div>\n\t\t\t\t<div class=\"elementor-element elementor-element-4de51aa elementor-widget elementor-widget-text-editor\" data-id=\"4de51aa\" data-element_type=\"widget\" data-widget_type=\"text-editor.default\">\n\t\t\t\t<div class=\"elementor-widget-container\">\n\t\t\t\t\t\t\t\t\t<p><strong>Prazo final de envio das propostas\u00a0<\/strong><\/p>\t\t\t\t\t\t\t\t<\/div>\n\t\t\t\t<\/div>\n\t\t\t\t<div class=\"elementor-element elementor-element-72dd23b elementor-widget elementor-widget-heading\" data-id=\"72dd23b\" data-element_type=\"widget\" data-widget_type=\"heading.default\">\n\t\t\t\t<div class=\"elementor-widget-container\">\n\t\t\t\t\t<h3 class=\"elementor-heading-title elementor-size-default\"><b>22 de maio<\/b><\/h3>\t\t\t\t<\/div>\n\t\t\t\t<\/div>\n\t\t\t\t<div class=\"elementor-element elementor-element-9e5b425 elementor-widget elementor-widget-text-editor\" data-id=\"9e5b425\" data-element_type=\"widget\" data-widget_type=\"text-editor.default\">\n\t\t\t\t<div class=\"elementor-widget-container\">\n\t\t\t\t\t\t\t\t\t<p><strong>Divulga\u00e7\u00e3o resultados<\/strong><\/p>\t\t\t\t\t\t\t\t<\/div>\n\t\t\t\t<\/div>\n\t\t\t\t<div class=\"elementor-element elementor-element-92774ce elementor-widget-divider--view-line elementor-widget elementor-widget-divider\" data-id=\"92774ce\" data-element_type=\"widget\" data-widget_type=\"divider.default\">\n\t\t\t\t<div class=\"elementor-widget-container\">\n\t\t\t\t\t\t\t<div class=\"elementor-divider\">\n\t\t\t<span class=\"elementor-divider-separator\">\n\t\t\t\t\t\t<\/span>\n\t\t<\/div>\n\t\t\t\t\t\t<\/div>\n\t\t\t\t<\/div>\n\t\t\t\t<div class=\"elementor-element elementor-element-5cba2c0 elementor-widget elementor-widget-heading\" data-id=\"5cba2c0\" data-element_type=\"widget\" data-widget_type=\"heading.default\">\n\t\t\t\t<div class=\"elementor-widget-container\">\n\t\t\t\t\t<h6 class=\"elementor-heading-title elementor-size-default\">Associe-se a ABEPRO<\/h6>\t\t\t\t<\/div>\n\t\t\t\t<\/div>\n\t\t\t\t<div class=\"elementor-element elementor-element-45017d1 elementor-widget elementor-widget-text-editor\" data-id=\"45017d1\" data-element_type=\"widget\" data-widget_type=\"text-editor.default\">\n\t\t\t\t<div class=\"elementor-widget-container\">\n\t\t\t\t\t\t\t\t\t<p>A ABEPRO \u00e9 a institui\u00e7\u00e3o representativa de docentes, discentes e profissionais de Engenharia de Produ\u00e7\u00e3o.\u00a0<\/p>\t\t\t\t\t\t\t\t<\/div>\n\t\t\t\t<\/div>\n\t\t\t\t<div class=\"elementor-element elementor-element-ec7f19e elementor-widget elementor-widget-button\" data-id=\"ec7f19e\" data-element_type=\"widget\" data-widget_type=\"button.default\">\n\t\t\t\t<div class=\"elementor-widget-container\">\n\t\t\t\t\t\t\t\t\t<div class=\"elementor-button-wrapper\">\n\t\t\t\t\t<a class=\"elementor-button elementor-button-link elementor-size-xs\" href=\"https:\/\/portal.abepro.org.br\/como-se-associar\/\" target=\"_blank\">\n\t\t\t\t\t\t<span class=\"elementor-button-content-wrapper\">\n\t\t\t\t\t\t<span class=\"elementor-button-icon\">\n\t\t\t\t<i aria-hidden=\"true\" class=\"fas fa-arrow-right\"><\/i>\t\t\t<\/span>\n\t\t\t\t\t\t\t\t\t<span class=\"elementor-button-text\">Saiba mais<\/span>\n\t\t\t\t\t<\/span>\n\t\t\t\t\t<\/a>\n\t\t\t\t<\/div>\n\t\t\t\t\t\t\t\t<\/div>\n\t\t\t\t<\/div>\n\t\t\t\t<div class=\"elementor-element elementor-element-549bf3f elementor-widget-divider--view-line elementor-widget elementor-widget-divider\" data-id=\"549bf3f\" data-element_type=\"widget\" data-widget_type=\"divider.default\">\n\t\t\t\t<div class=\"elementor-widget-container\">\n\t\t\t\t\t\t\t<div class=\"elementor-divider\">\n\t\t\t<span class=\"elementor-divider-separator\">\n\t\t\t\t\t\t<\/span>\n\t\t<\/div>\n\t\t\t\t\t\t<\/div>\n\t\t\t\t<\/div>\n\t\t\t\t<div class=\"elementor-element elementor-element-83cfd27 elementor-widget elementor-widget-heading\" data-id=\"83cfd27\" data-element_type=\"widget\" data-widget_type=\"heading.default\">\n\t\t\t\t<div class=\"elementor-widget-container\">\n\t\t\t\t\t<h6 class=\"elementor-heading-title elementor-size-default\">Contato<\/h6>\t\t\t\t<\/div>\n\t\t\t\t<\/div>\n\t\t\t\t<div class=\"elementor-element elementor-element-dbb9d61 elementor-widget elementor-widget-text-editor\" data-id=\"dbb9d61\" data-element_type=\"widget\" data-widget_type=\"text-editor.default\">\n\t\t\t\t<div class=\"elementor-widget-container\">\n\t\t\t\t\t\t\t\t\t<p><strong>ABEPRO<\/strong><\/p><p>Email: <a href=\"mailto:secretaria@abepro.org.br\">secretaria@abepro.org.br<\/a><\/p>\t\t\t\t\t\t\t\t<\/div>\n\t\t\t\t<\/div>\n\t\t\t\t<div class=\"elementor-element elementor-element-49dab22 elementor-widget-divider--view-line elementor-widget elementor-widget-divider\" data-id=\"49dab22\" data-element_type=\"widget\" data-widget_type=\"divider.default\">\n\t\t\t\t<div class=\"elementor-widget-container\">\n\t\t\t\t\t\t\t<div class=\"elementor-divider\">\n\t\t\t<span class=\"elementor-divider-separator\">\n\t\t\t\t\t\t<\/span>\n\t\t<\/div>\n\t\t\t\t\t\t<\/div>\n\t\t\t\t<\/div>\n\t\t\t\t<div class=\"elementor-element elementor-element-3f7d3b5 elementor-shape-rounded elementor-grid-0 e-grid-align-center elementor-widget elementor-widget-social-icons\" data-id=\"3f7d3b5\" data-element_type=\"widget\" data-widget_type=\"social-icons.default\">\n\t\t\t\t<div class=\"elementor-widget-container\">\n\t\t\t\t\t\t\t<div class=\"elementor-social-icons-wrapper elementor-grid\" role=\"list\">\n\t\t\t\t\t\t\t<span class=\"elementor-grid-item\" role=\"listitem\">\n\t\t\t\t\t<a class=\"elementor-icon elementor-social-icon elementor-social-icon-facebook elementor-animation-grow elementor-repeater-item-9c86cde\" href=\"https:\/\/www.facebook.com\/abeprooficial\/\" target=\"_blank\">\n\t\t\t\t\t\t<span class=\"elementor-screen-only\">Facebook<\/span>\n\t\t\t\t\t\t\t\t\t\t\t\t\t<i class=\"fa fa-facebook\"><\/i>\n\t\t\t\t\t\t\t\t\t\t\t<\/a>\n\t\t\t\t<\/span>\n\t\t\t\t\t\t\t<span class=\"elementor-grid-item\" role=\"listitem\">\n\t\t\t\t\t<a class=\"elementor-icon elementor-social-icon elementor-social-icon-instagram elementor-animation-grow elementor-repeater-item-d9a9500\" href=\"https:\/\/www.instagram.com\/abeprooficial\/\" target=\"_blank\">\n\t\t\t\t\t\t<span class=\"elementor-screen-only\">Instagram<\/span>\n\t\t\t\t\t\t\t\t\t\t\t\t\t<i class=\"fa fa-instagram\"><\/i>\n\t\t\t\t\t\t\t\t\t\t\t<\/a>\n\t\t\t\t<\/span>\n\t\t\t\t\t\t\t<span class=\"elementor-grid-item\" role=\"listitem\">\n\t\t\t\t\t<a class=\"elementor-icon elementor-social-icon elementor-social-icon-youtube elementor-animation-grow elementor-repeater-item-75dde21\" href=\"https:\/\/www.youtube.com\/user\/ABEPROJovem1\" target=\"_blank\">\n\t\t\t\t\t\t<span class=\"elementor-screen-only\">Youtube<\/span>\n\t\t\t\t\t\t\t\t\t\t\t\t\t<i class=\"fa fa-youtube\"><\/i>\n\t\t\t\t\t\t\t\t\t\t\t<\/a>\n\t\t\t\t<\/span>\n\t\t\t\t\t<\/div>\n\t\t\t\t\t\t<\/div>\n\t\t\t\t<\/div>\n\t\t\t\t\t<\/div>\n\t\t<\/div>\n\t\t\t\t\t<\/div>\n\t\t<\/section>\n\t\t\t\t<\/div>\n\t\t","protected":false},"excerpt":{"rendered":"<p>Edital de Chamada para Propostas de Minicurso para o ENEGEP 2026 A ABEPRO Jovem, por meio de sua Diretoria &#8211; Gest\u00e3o 2026, torna p\u00fablica a chamada para submiss\u00e3o de propostas de Minicursos para a edi\u00e7\u00e3o de 2026 do ENEGEP. 1. OBJETIVO Os minicursos propostos no \u00e2mbito desta chamada t\u00eam como objetivo promover a dissemina\u00e7\u00e3o de [&hellip;]<\/p>\n","protected":false},"author":1,"featured_media":0,"parent":0,"menu_order":0,"comment_status":"closed","ping_status":"closed","template":"","meta":{"footnotes":""},"class_list":["post-449","page","type-page","status-publish","hentry"],"_links":{"self":[{"href":"https:\/\/portal.abepro.org.br\/enegep\/2026\/wp-json\/wp\/v2\/pages\/449","targetHints":{"allow":["GET"]}}],"collection":[{"href":"https:\/\/portal.abepro.org.br\/enegep\/2026\/wp-json\/wp\/v2\/pages"}],"about":[{"href":"https:\/\/portal.abepro.org.br\/enegep\/2026\/wp-json\/wp\/v2\/types\/page"}],"author":[{"embeddable":true,"href":"https:\/\/portal.abepro.org.br\/enegep\/2026\/wp-json\/wp\/v2\/users\/1"}],"replies":[{"embeddable":true,"href":"https:\/\/portal.abepro.org.br\/enegep\/2026\/wp-json\/wp\/v2\/comments?post=449"}],"version-history":[{"count":227,"href":"https:\/\/portal.abepro.org.br\/enegep\/2026\/wp-json\/wp\/v2\/pages\/449\/revisions"}],"predecessor-version":[{"id":6697,"href":"https:\/\/portal.abepro.org.br\/enegep\/2026\/wp-json\/wp\/v2\/pages\/449\/revisions\/6697"}],"wp:attachment":[{"href":"https:\/\/portal.abepro.org.br\/enegep\/2026\/wp-json\/wp\/v2\/media?parent=449"}],"curies":[{"name":"wp","href":"https:\/\/api.w.org\/{rel}","templated":true}]}}