{"id":493,"date":"2019-01-27T22:42:56","date_gmt":"2019-01-28T00:42:56","guid":{"rendered":"https:\/\/portal.abepro.org.br\/enegep\/2026\/?page_id=493"},"modified":"2026-01-27T14:24:14","modified_gmt":"2026-01-27T17:24:14","slug":"local","status":"publish","type":"page","link":"https:\/\/portal.abepro.org.br\/enegep\/2026\/local\/","title":{"rendered":"Local"},"content":{"rendered":"\t\t<div data-elementor-type=\"wp-post\" data-elementor-id=\"493\" class=\"elementor elementor-493\" data-elementor-post-type=\"page\">\n\t\t\t\t\t\t<section class=\"elementor-section elementor-top-section elementor-element elementor-element-7f33dad3 elementor-section-boxed elementor-section-height-default elementor-section-height-default\" data-id=\"7f33dad3\" data-element_type=\"section\">\n\t\t\t\t\t\t<div class=\"elementor-container elementor-column-gap-default\">\n\t\t\t\t\t<div class=\"elementor-column elementor-col-100 elementor-top-column elementor-element elementor-element-3273f2c4\" data-id=\"3273f2c4\" data-element_type=\"column\">\n\t\t\t<div class=\"elementor-widget-wrap elementor-element-populated\">\n\t\t\t\t\t\t<div class=\"elementor-element elementor-element-44a03bd elementor-widget elementor-widget-heading\" data-id=\"44a03bd\" data-element_type=\"widget\" data-widget_type=\"heading.default\">\n\t\t\t\t<div class=\"elementor-widget-container\">\n\t\t\t\t\t<h2 class=\"elementor-heading-title elementor-size-default\">Local de Realiza\u00e7\u00e3o<\/h2>\t\t\t\t<\/div>\n\t\t\t\t<\/div>\n\t\t\t\t<div class=\"elementor-element elementor-element-1663a59a elementor-widget-divider--view-line elementor-widget elementor-widget-divider\" data-id=\"1663a59a\" data-element_type=\"widget\" data-widget_type=\"divider.default\">\n\t\t\t\t<div class=\"elementor-widget-container\">\n\t\t\t\t\t\t\t<div class=\"elementor-divider\">\n\t\t\t<span class=\"elementor-divider-separator\">\n\t\t\t\t\t\t<\/span>\n\t\t<\/div>\n\t\t\t\t\t\t<\/div>\n\t\t\t\t<\/div>\n\t\t\t\t<div class=\"elementor-element elementor-element-31b54e1e elementor-widget elementor-widget-text-editor\" data-id=\"31b54e1e\" data-element_type=\"widget\" data-widget_type=\"text-editor.default\">\n\t\t\t\t<div class=\"elementor-widget-container\">\n\t\t\t\t\t\t\t\t\t<p><b data-stringify-type=\"bold\">O evento ser\u00e1 realizado na <a href=\"https:\/\/www.ufrn.br\/\" target=\"_blank\" rel=\"noopener\">Universidade de S\u00e3o Paulo &#8211; USP<\/a>, em S\u00e3o Paulo\/SP.<\/b><br \/><b data-stringify-type=\"bold\"><span data-qa=\"emoji\" data-sk=\"tooltip_parent\"><img decoding=\"async\" src=\"https:\/\/a.slack-edge.com\/production-standard-emoji-assets\/14.0\/google-medium\/1f4cd@2x.png\" alt=\":pino_redondo:\" width=\"23\" height=\"23\" aria-label=\"Emoji pino redondo\" data-stringify-type=\"emoji\" data-stringify-emoji=\":round_pushpin:\" \/><\/span><\/b><b data-stringify-type=\"bold\">\u00a0Local do evento:<\/b><br \/>Av. Prof. Luciano Gualberto, 380 &#8211; Butant\u00e3, S\u00e3o Paulo &#8211; SP, 05508-010.<\/p>\t\t\t\t\t\t\t\t<\/div>\n\t\t\t\t<\/div>\n\t\t\t\t<div class=\"elementor-element elementor-element-ff0ed22 elementor-widget elementor-widget-text-editor\" data-id=\"ff0ed22\" data-element_type=\"widget\" data-widget_type=\"text-editor.default\">\n\t\t\t\t<div class=\"elementor-widget-container\">\n\t\t\t\t\t\t\t\t\t<p><b data-stringify-type=\"bold\">Hospedagem: <\/b>Para facilitar sua escolha de hospedagem para o evento, listamos abaixo os bairros pr\u00f3ximos da USP s\u00e3o:<br \/>&#8211; Butant\u00e3\u00a0<\/p><p>&#8211; Vila Indiana<\/p><p>&#8211; Pinheiros<\/p><p>&#8211; Vila Madalena<\/p><p>&#8211; Vila Madalena<\/p><p>&#8211; Vila Progredior<\/p><p>Existem ainda diversas op\u00e7\u00f5es de hot\u00e9is, hostel e flats. .<\/p><p data-start=\"1401\" data-end=\"1430\"><strong data-start=\"1401\" data-end=\"1428\">Pr\u00f3ximo \u00e0 USP \/ Butant\u00e3<\/strong><\/p><ul data-start=\"1431\" data-end=\"2161\"><li data-start=\"1431\" data-end=\"1513\"><p data-start=\"1433\" data-end=\"1513\"><a href=\"https:\/\/hostelhome.com.br\/?utm_source=chatgpt.com\" target=\"_blank\" rel=\"noopener\"><strong data-start=\"1433\" data-end=\"1474\"><span class=\"\" data-state=\"closed\"><span class=\"hover:entity-accent entity-underline inline cursor-pointer align-baseline\"><span class=\"whitespace-normal\">HOSTEL HOME<\/span><\/span><\/span><\/strong><\/a> \u2013 op\u00e7\u00e3o econ\u00f4mica com boa avalia\u00e7\u00e3o.<\/p><\/li><li data-start=\"1514\" data-end=\"1594\"><p data-start=\"1516\" data-end=\"1594\"><a href=\"https:\/\/booking.hqbeds.com.br\/yousehostel?utm_source=chatgpt.com\" target=\"_blank\" rel=\"noopener\"><strong data-start=\"1516\" data-end=\"1557\"><span class=\"\" data-state=\"closed\"><span class=\"hover:entity-accent entity-underline inline cursor-pointer align-baseline\"><span class=\"whitespace-normal\">Youse Hostel<\/span><\/span><\/span><\/strong><\/a> \u2013 hostel bem avaliado e acess\u00edvel.<\/p><\/li><li data-start=\"1595\" data-end=\"1669\"><p data-start=\"1597\" data-end=\"1669\"><strong data-start=\"1597\" data-end=\"1638\"><span class=\"\" data-state=\"closed\"><span class=\"hover:entity-accent entity-underline inline cursor-pointer align-baseline\"><span class=\"whitespace-normal\"><a href=\"https:\/\/flateconomico.com.br\/?utm_source=chatgpt.com\" target=\"_blank\" rel=\"noopener\">Flat Econ\u00f4mico<\/a> &#8211; Butant\u00e3 \/ USP<\/span><\/span><\/span><\/strong> \u2013 estadia simples e pr\u00e1tica.<\/p><\/li><li data-start=\"1670\" data-end=\"1746\"><strong data-start=\"1846\" data-end=\"1889\"><span class=\"\" data-state=\"closed\"><span class=\"hover:entity-accent entity-underline inline cursor-pointer align-baseline\"><span class=\"whitespace-normal\">Villa Sophia Flats &#8211; Hotel &amp; Apto<\/span><\/span><\/span><\/strong> \u2013 op\u00e7\u00e3o mais confort\u00e1vel com bom custo-benef\u00edcio.<\/li><li data-start=\"1942\" data-end=\"2063\"><p data-start=\"1944\" data-end=\"2063\"><strong data-start=\"1944\" data-end=\"1987\"><span class=\"\" data-state=\"closed\"><span class=\"hover:entity-accent entity-underline inline cursor-pointer align-baseline\"><span class=\"whitespace-normal\"><a href=\"https:\/\/www.hotelbutanta.com.br\/?utm_source=chatgpt.com\" target=\"_blank\" rel=\"noopener\">Hotel Butant\u00e3<\/a> <\/span><\/span><\/span><\/strong>\u2013 hotel na regi\u00e3o.<\/p><\/li><li data-start=\"2064\" data-end=\"2161\"><p data-start=\"2066\" data-end=\"2161\"><a href=\"https:\/\/hshotelmorumbi.com.br\/?utm_source=chatgpt.com\" target=\"_blank\" rel=\"noopener\"><strong data-start=\"2066\" data-end=\"2109\"><span class=\"\" data-state=\"closed\"><span class=\"hover:entity-accent entity-underline inline cursor-pointer align-baseline\"><span class=\"whitespace-normal\">Hs Hotel Morumbi<\/span><\/span><\/span><\/strong> <\/a>\u2013 mais distante, mas ainda acess\u00edvel de transporte.<\/p><\/li><\/ul><p>Sugerimos os seguinte sites para buscas:<br \/><a class=\"c-link\" href=\"https:\/\/www.booking.com\/\" target=\"_blank\" rel=\"noopener noreferrer\" data-stringify-link=\"https:\/\/www.booking.com\/\" data-sk=\"tooltip_parent\">https:\/\/www.booking.com\/<\/a><br \/><a class=\"c-link\" href=\"https:\/\/www.airbnb.com.br\/\" target=\"_blank\" rel=\"noopener noreferrer\" data-stringify-link=\"https:\/\/www.airbnb.com.br\/\" data-sk=\"tooltip_parent\">https:\/\/www.airbnb.com.br\/<\/a><br \/><a class=\"c-link\" href=\"https:\/\/www.trivago.com.br\/\" target=\"_blank\" rel=\"noopener noreferrer\" data-stringify-link=\"https:\/\/www.trivago.com.br\/\" data-sk=\"tooltip_parent\">https:\/\/www.trivago.com.br\/<\/a><\/p>\t\t\t\t\t\t\t\t<\/div>\n\t\t\t\t<\/div>\n\t\t\t\t<div class=\"elementor-element elementor-element-b9aea60 elementor-widget elementor-widget-google_maps\" data-id=\"b9aea60\" data-element_type=\"widget\" data-widget_type=\"google_maps.default\">\n\t\t\t\t<div class=\"elementor-widget-container\">\n\t\t\t\t\t\t\t<div class=\"elementor-custom-embed\">\n\t\t\t<iframe loading=\"lazy\"\n\t\t\t\t\tsrc=\"https:\/\/maps.google.com\/maps?q=Escola%20Polit%C3%A9cnica%20da%20Universidade%20de%20S%C3%A3o%20Paulo%20Av.%20Prof.%20Luciano%20Gualberto%2C%20380%20-%20Butant%C3%A3%2C%20S%C3%A3o%20Paulo%20-%20SP%2C%2005508-010.&#038;t=m&#038;z=11&#038;output=embed&#038;iwloc=near\"\n\t\t\t\t\ttitle=\"Escola Polit\u00e9cnica da Universidade de S\u00e3o Paulo Av. Prof. Luciano Gualberto, 380 - Butant\u00e3, S\u00e3o Paulo - SP, 05508-010.\"\n\t\t\t\t\taria-label=\"Escola Polit\u00e9cnica da Universidade de S\u00e3o Paulo Av. Prof. Luciano Gualberto, 380 - Butant\u00e3, S\u00e3o Paulo - SP, 05508-010.\"\n\t\t\t><\/iframe>\n\t\t<\/div>\n\t\t\t\t\t\t<\/div>\n\t\t\t\t<\/div>\n\t\t\t\t\t<\/div>\n\t\t<\/div>\n\t\t\t\t\t<\/div>\n\t\t<\/section>\n\t\t\t\t<\/div>\n\t\t","protected":false},"excerpt":{"rendered":"<p>Local de Realiza\u00e7\u00e3o O evento ser\u00e1 realizado na Universidade de S\u00e3o Paulo &#8211; USP, em S\u00e3o Paulo\/SP.\u00a0Local do evento:Av. Prof. Luciano Gualberto, 380 &#8211; Butant\u00e3, S\u00e3o Paulo &#8211; SP, 05508-010. Hospedagem: Para facilitar sua escolha de hospedagem para o evento, listamos abaixo os bairros pr\u00f3ximos da USP s\u00e3o:&#8211; Butant\u00e3\u00a0 &#8211; Vila Indiana &#8211; Pinheiros &#8211; [&hellip;]<\/p>\n","protected":false},"author":1,"featured_media":0,"parent":0,"menu_order":0,"comment_status":"closed","ping_status":"closed","template":"","meta":{"footnotes":""},"class_list":["post-493","page","type-page","status-publish","hentry"],"_links":{"self":[{"href":"https:\/\/portal.abepro.org.br\/enegep\/2026\/wp-json\/wp\/v2\/pages\/493","targetHints":{"allow":["GET"]}}],"collection":[{"href":"https:\/\/portal.abepro.org.br\/enegep\/2026\/wp-json\/wp\/v2\/pages"}],"about":[{"href":"https:\/\/portal.abepro.org.br\/enegep\/2026\/wp-json\/wp\/v2\/types\/page"}],"author":[{"embeddable":true,"href":"https:\/\/portal.abepro.org.br\/enegep\/2026\/wp-json\/wp\/v2\/users\/1"}],"replies":[{"embeddable":true,"href":"https:\/\/portal.abepro.org.br\/enegep\/2026\/wp-json\/wp\/v2\/comments?post=493"}],"version-history":[{"count":112,"href":"https:\/\/portal.abepro.org.br\/enegep\/2026\/wp-json\/wp\/v2\/pages\/493\/revisions"}],"predecessor-version":[{"id":6414,"href":"https:\/\/portal.abepro.org.br\/enegep\/2026\/wp-json\/wp\/v2\/pages\/493\/revisions\/6414"}],"wp:attachment":[{"href":"https:\/\/portal.abepro.org.br\/enegep\/2026\/wp-json\/wp\/v2\/media?parent=493"}],"curies":[{"name":"wp","href":"https:\/\/api.w.org\/{rel}","templated":true}]}}